{"id":3193,"date":"2023-05-05T20:26:12","date_gmt":"2023-05-05T18:26:12","guid":{"rendered":"https:\/\/www.dcm-materiel-kine-sport.com\/?post_type=product&#038;p=3193"},"modified":"2024-02-06T09:31:49","modified_gmt":"2024-02-06T08:31:49","slug":"electrostimulateur-mio-ionotens","status":"publish","type":"product","link":"https:\/\/www.dcm-materiel-kine-sport.com\/index.php\/produit\/electrostimulateur-mio-ionotens\/","title":{"rendered":"Electrostimulateur Mio-ionotens"},"content":{"rendered":"<h2>Description de l&rsquo;\u00e9lectrostimulateur Mio-Ionotens I-Tech:<\/h2>\n<p>&nbsp;<\/p>\n<p>L&rsquo;\u00e9lectrostimulation est une m\u00e9thode th\u00e9rapeutique se d\u00e9veloppant de plus en plus. Celle ci se r\u00e9alise gr\u00e2ce \u00e0 des appareils d&rsquo;\u00e9lectrostimulation. Ce type d&rsquo;appareils va envoyer des stimulations \u00e9lectriques sur des parties du corps, grace \u00e0 des \u00e9lectrodes. Ces stimulations \u00e9lectriques vont avoir de nombreux effets, aussi bien th\u00e9rapeutiques pour soigner des pathologies, que au niveau esth\u00e9tique ou alors pour aider dans le renforcement musculaire. Avec le d\u00e9veloppement de cette m\u00e9thode de plus en plus d&rsquo;utilisations voit le jour.<\/p>\n<p>L&rsquo;<strong>appareil d&rsquo;\u00e9lectroth\u00e9rapie Mio-Ionotens I-Tech<\/strong>\u00a0est constitu\u00e9 de deux 2 canaux, pouvant accueillir chacun jusqu\u2019\u00e0 8 \u00e9lectrodes. Ces 2 canaux sont ind\u00e9pendants, ainsi vous pourrez g\u00e9n\u00e9rer des impulsions diff\u00e9rentes, pour effectuer des soins cibl\u00e9s sur certaines parties du corps. Cet appareil vous offre une totalit\u00e9 de 37 programmes divers, parmi lesquels 3 programmes d&rsquo;Ionophor\u00e8se, 7 programmes de R\u00e9habilitation, 14 programmes TENS ainsi que 13 en m\u00e9moires libres.<\/p>\n<p>Le\u00a0<strong>Mio-Iontotens I-Tech<\/strong>\u00a0est donc un appareil id\u00e9al pour soigner vos pathologies, vous aidez dans la r\u00e9habilitation et la r\u00e9cup\u00e9ration apr\u00e8s des douleurs caus\u00e9es par la lombalgie, l&rsquo;arthrose, l&rsquo;arthrite, &#8230; Cet appareil tr\u00e8s pratique fonctionne gr\u00e2ce \u00e0 une batterie interne rechargeable, donc pas besoin de se tenir \u00e0 cot\u00e9 d&rsquo;une prise de courant pour b\u00e9n\u00e9ficier d&rsquo;une th\u00e9rapie. De plus son clip de ceinture fourni offre un cot\u00e9 pratique un plus, tout comme son \u00e9cran digital qui permet une lecture facile d&rsquo;informations sur le programme actuel.<\/p>\n<p>&nbsp;<\/p>\n<h2>Caract\u00e9ristiques de l&rsquo;appareil d&rsquo;\u00e9lectrostimulation Mio-Ionotens I-Tech :<\/h2>\n<p>&nbsp;<\/p>\n<ul>\n<li>&#8211; Intensit\u00e9 maximale de 200 mApp<\/li>\n<li>&#8211; 37 programmes<\/li>\n<li>&#8211; Dispositif m\u00e9dical certifi\u00e9 CE 0476<\/li>\n<li>&#8211; Fourni : chargeur, clip de ceinture, \u00a0sac de transport, \u00e9lectrodes pregel\u00e9es, manuels<\/li>\n<li>&#8211; Dimensions \u00a0114 * 68 * 26 mm<\/li>\n<\/ul>\n","protected":false},"excerpt":{"rendered":"<ul>\n<li>Electrostimulateur Mio-Ionotens I-Tech<\/li>\n<li>Dispositif certifi\u00e9 CE 0476<\/li>\n<li>Dimensions : 114 * 68 * 26 mm<\/li>\n<li>Jusqu\u2019\u00e0 8 \u00e9lectrodes peuvent \u00eatre branch\u00e9s simultan\u00e9ment<\/li>\n<li>37 programmes (dont des programmes TENS, de r\u00e9habilitation, NEMS, &#8230;)<\/li>\n<\/ul>\n<p><a href=\"https:\/\/www.dcm-materiel-kine-sport.com\/wp-content\/uploads\/2023\/05\/Mio-Ionotens-fiche-technique.pdf\"><img loading=\"lazy\" decoding=\"async\" class=\"alignnone size-full wp-image-4666\" src=\"https:\/\/www.dcm-materiel-kine-sport.com\/wp-content\/uploads\/2023\/05\/Design-sans-titre-1.png\" alt=\"\" width=\"300\" height=\"175\" \/><\/a><\/p>\n","protected":false},"featured_media":3160,"comment_status":"open","ping_status":"closed","template":"","meta":{"_monsterinsights_skip_tracking":false,"_monsterinsights_sitenote_active":false,"_monsterinsights_sitenote_note":"","_monsterinsights_sitenote_category":0},"product_brand":[],"product_cat":[41,18,78],"product_tag":[],"class_list":{"0":"post-3193","1":"product","2":"type-product","3":"status-publish","4":"has-post-thumbnail","6":"product_cat-electrostimulateurs","7":"product_cat-electrostimulateurs-portatifs","8":"product_cat-i-tech","10":"first","11":"outofstock","12":"shipping-taxable","13":"product-type-simple"},"aioseo_notices":[],"_links":{"self":[{"href":"https:\/\/www.dcm-materiel-kine-sport.com\/index.php\/wp-json\/wp\/v2\/product\/3193","targetHints":{"allow":["GET"]}}],"collection":[{"href":"https:\/\/www.dcm-materiel-kine-sport.com\/index.php\/wp-json\/wp\/v2\/product"}],"about":[{"href":"https:\/\/www.dcm-materiel-kine-sport.com\/index.php\/wp-json\/wp\/v2\/types\/product"}],"replies":[{"embeddable":true,"href":"https:\/\/www.dcm-materiel-kine-sport.com\/index.php\/wp-json\/wp\/v2\/comments?post=3193"}],"wp:featuredmedia":[{"embeddable":true,"href":"https:\/\/www.dcm-materiel-kine-sport.com\/index.php\/wp-json\/wp\/v2\/media\/3160"}],"wp:attachment":[{"href":"https:\/\/www.dcm-materiel-kine-sport.com\/index.php\/wp-json\/wp\/v2\/media?parent=3193"}],"wp:term":[{"taxonomy":"product_brand","embeddable":true,"href":"https:\/\/www.dcm-materiel-kine-sport.com\/index.php\/wp-json\/wp\/v2\/product_brand?post=3193"},{"taxonomy":"product_cat","embeddable":true,"href":"https:\/\/www.dcm-materiel-kine-sport.com\/index.php\/wp-json\/wp\/v2\/product_cat?post=3193"},{"taxonomy":"product_tag","embeddable":true,"href":"https:\/\/www.dcm-materiel-kine-sport.com\/index.php\/wp-json\/wp\/v2\/product_tag?post=3193"}],"curies":[{"name":"wp","href":"https:\/\/api.w.org\/{rel}","templated":true}]}}