{"id":3335,"date":"2020-12-13T23:52:11","date_gmt":"2020-12-13T22:52:11","guid":{"rendered":"https:\/\/www.dcm-materiel-kine-sport.com\/?post_type=product&#038;p=3335"},"modified":"2025-05-31T14:01:03","modified_gmt":"2025-05-31T12:01:03","slug":"lit-medicalise-electrique-a-hauteur-variable","status":"publish","type":"product","link":"https:\/\/www.dcm-materiel-kine-sport.com\/index.php\/produit\/lit-medicalise-electrique-a-hauteur-variable\/","title":{"rendered":"Lit m\u00e9dicalis\u00e9 \u00e9lectrique \u00e0 hauteur variable"},"content":{"rendered":"<h3>LIT MEDICAL ELECTRIQUE\u00a0a pour caract\u00e9ristiques :<\/h3>\n<div>\u2022 Moteur \u00e9lectrique LINKAN (1 pc)<\/div>\n<div>\u2022 Structure en Epoxy<\/div>\n<div>\u2022 T\u00eate et pieds de lit en ABS amovibles<\/div>\n<div>\u2022 Ridelles en ABS rabattables de hauteur: 35 cm (4 pcs)<\/div>\n<div>\u2022 T\u00e9l\u00e9commande (1 pc)<\/div>\n<div>\u2022 Potence t\u00e9lescopique \u00e0 2 crochets (1 pc)<\/div>\n<div>\u2022 Crochets pour poches \u00e0 urine (2pcs)<\/div>\n<div>\u2022 Roues en ABS silencieuses de 12.5 cm de diam\u00e8tre, dont 2 \u00e0 freins (4 pcs)<\/div>\n<div>\u2022 Syst\u00e8me \u00e9lectrique de secours avec batterie int\u00e9gr\u00e9e. Pour les manipulations suivantes :<\/div>\n<div>\u00a0 \u00a0 \u00a0 \u00a0 \u00a0 \u00a0 \u00a0\u2013 120 fois pour le\u00a0Rel\u00e8ve buste<\/div>\n<div>\u00a0 \u00a0 \u00a0 \u00a0 \u00a0 \u00a0 \u00a0\u2013 120 fois pour le\u00a0Rel\u00e8ve jambe<\/div>\n<div>\u00a0 \u00a0 \u00a0 \u00a0 \u00a0 \u00a0 \u00a0\u2013\u00a0 60 fois pour le\u00a0R\u00e9glage de la hauteur<\/div>\n<p><strong>3 Fonctions :<\/strong><br \/>\n\u2013 Rel\u00e8ve Buste : 85 \u00b0 \u00b1 5 \u00b0<br \/>\n\u2013 Rel\u00e8ve Jambe : 45 \u00b0 \u00b1 5 \u00b0<br \/>\n\u2013 R\u00e9glage en hauteur : 450-700 mm<\/p>\n<p>Dimensions : 2000 x 900 x 450-700 mm<\/p>\n<p>Lit m\u00e9dicalis\u00e9 \u00e9lectrique \u00e0 3 positions \u00e0 hauteur r\u00e9glable avec plan de couchage, barri\u00e8res lat\u00e9rales et dosserets.<br \/>\nLe cadre du sommier en acier lamine et fini avec une couche de r\u00e9sine \u00e9poxy, con\u00e7u en tube 60x30mm<br \/>\nPlan de couchage \u00e0 4 sections, amovible grillag\u00e9 en m\u00e9tal rev\u00eatu en \u00e9poxy<br \/>\nDosserets du lit d\u00e9tachables en abs<br \/>\nBarri\u00e8res lat\u00e9rales pliantes en alliage d\u2019aluminium<br \/>\nRel\u00e8ve buste \u00e9lectrique angle 80\u00b0<br \/>\nRel\u00e8ve jambes \u00e9lectrique, angle 40\u00b0 avec plicature de genoux<br \/>\nT\u00e9l\u00e9commande C\u00e2bl\u00e9e<br \/>\n4 roulettes en abs 12cm avec frein \u00e0 p\u00e9dale<\/p>\n","protected":false},"excerpt":{"rendered":"<p>Lit m\u00e9dicalis\u00e9 \u00e9lectrique \u00e0 3 positions \u00e0 hauteur r\u00e9glable avec plan de couchage, barri\u00e8res lat\u00e9rales et dosserets.<\/p>\n","protected":false},"featured_media":7621,"comment_status":"open","ping_status":"closed","template":"","meta":{"_monsterinsights_skip_tracking":false,"_monsterinsights_sitenote_active":false,"_monsterinsights_sitenote_note":"","_monsterinsights_sitenote_category":0},"product_brand":[],"product_cat":[40],"product_tag":[],"class_list":{"0":"post-3335","1":"product","2":"type-product","3":"status-publish","4":"has-post-thumbnail","6":"product_cat-lits-medicals","8":"first","9":"instock","10":"shipping-taxable","11":"purchasable","12":"product-type-simple"},"aioseo_notices":[],"_links":{"self":[{"href":"https:\/\/www.dcm-materiel-kine-sport.com\/index.php\/wp-json\/wp\/v2\/product\/3335","targetHints":{"allow":["GET"]}}],"collection":[{"href":"https:\/\/www.dcm-materiel-kine-sport.com\/index.php\/wp-json\/wp\/v2\/product"}],"about":[{"href":"https:\/\/www.dcm-materiel-kine-sport.com\/index.php\/wp-json\/wp\/v2\/types\/product"}],"replies":[{"embeddable":true,"href":"https:\/\/www.dcm-materiel-kine-sport.com\/index.php\/wp-json\/wp\/v2\/comments?post=3335"}],"wp:featuredmedia":[{"embeddable":true,"href":"https:\/\/www.dcm-materiel-kine-sport.com\/index.php\/wp-json\/wp\/v2\/media\/7621"}],"wp:attachment":[{"href":"https:\/\/www.dcm-materiel-kine-sport.com\/index.php\/wp-json\/wp\/v2\/media?parent=3335"}],"wp:term":[{"taxonomy":"product_brand","embeddable":true,"href":"https:\/\/www.dcm-materiel-kine-sport.com\/index.php\/wp-json\/wp\/v2\/product_brand?post=3335"},{"taxonomy":"product_cat","embeddable":true,"href":"https:\/\/www.dcm-materiel-kine-sport.com\/index.php\/wp-json\/wp\/v2\/product_cat?post=3335"},{"taxonomy":"product_tag","embeddable":true,"href":"https:\/\/www.dcm-materiel-kine-sport.com\/index.php\/wp-json\/wp\/v2\/product_tag?post=3335"}],"curies":[{"name":"wp","href":"https:\/\/api.w.org\/{rel}","templated":true}]}}