{"id":3634,"date":"2020-12-26T15:33:04","date_gmt":"2020-12-26T14:33:04","guid":{"rendered":"https:\/\/www.dcm-materiel-kine-sport.com\/?post_type=product&#038;p=3634"},"modified":"2020-12-29T07:30:35","modified_gmt":"2020-12-29T06:30:35","slug":"gants-en-nitriles-jetables-non-poudres-violet-3-5gr-boite-de-100-gants","status":"publish","type":"product","link":"https:\/\/www.dcm-materiel-kine-sport.com\/index.php\/produit\/gants-en-nitriles-jetables-non-poudres-violet-3-5gr-boite-de-100-gants\/","title":{"rendered":"Gants en Nitriles Jetables Non Poudr\u00e9s Violet"},"content":{"rendered":"","protected":false},"excerpt":{"rendered":"<ul class=\"a-unordered-list a-vertical a-spacing-none\">\n<li><span class=\"a-list-item\">Robuste, \u00e9lastique et l\u00e9ger \u00e0 la fois, s&rsquo;adaptant parfaitement \u00e0 la main<\/span><\/li>\n<li><span class=\"a-list-item\">Gants en nitrile jetables, sans latex et sans poudre pour r\u00e9duire le risque de r\u00e9actions allergiques<\/span><\/li>\n<li><span class=\"a-list-item\">Excellente barri\u00e8re de protection contre les produits chimiques.<\/span><\/li>\n<li><span class=\"a-list-item\">Sensibilit\u00e9 tactile et dext\u00e9rit\u00e9 sup\u00e9rieures, tout en offrant une r\u00e9sistance maximale \u00e0 la perforation<\/span><\/li>\n<li><span class=\"a-list-item\">Multiples domaines d&rsquo;utilisations : Restauration, Tatouage, Proc\u00e9dures m\u00e9dicales de base, Peinture, Soins aux animaux, Entretien, Dentiste, Laboratoire<\/span><\/li>\n<\/ul>\n","protected":false},"featured_media":3635,"comment_status":"open","ping_status":"closed","template":"","meta":{"_monsterinsights_skip_tracking":false,"_monsterinsights_sitenote_active":false,"_monsterinsights_sitenote_note":"","_monsterinsights_sitenote_category":0},"product_brand":[],"product_cat":[56,62],"product_tag":[],"class_list":{"0":"post-3634","1":"product","2":"type-product","3":"status-publish","4":"has-post-thumbnail","6":"product_cat-consommables","7":"product_cat-protection","9":"first","10":"instock","11":"shipping-taxable","12":"product-type-simple"},"aioseo_notices":[],"_links":{"self":[{"href":"https:\/\/www.dcm-materiel-kine-sport.com\/index.php\/wp-json\/wp\/v2\/product\/3634","targetHints":{"allow":["GET"]}}],"collection":[{"href":"https:\/\/www.dcm-materiel-kine-sport.com\/index.php\/wp-json\/wp\/v2\/product"}],"about":[{"href":"https:\/\/www.dcm-materiel-kine-sport.com\/index.php\/wp-json\/wp\/v2\/types\/product"}],"replies":[{"embeddable":true,"href":"https:\/\/www.dcm-materiel-kine-sport.com\/index.php\/wp-json\/wp\/v2\/comments?post=3634"}],"wp:featuredmedia":[{"embeddable":true,"href":"https:\/\/www.dcm-materiel-kine-sport.com\/index.php\/wp-json\/wp\/v2\/media\/3635"}],"wp:attachment":[{"href":"https:\/\/www.dcm-materiel-kine-sport.com\/index.php\/wp-json\/wp\/v2\/media?parent=3634"}],"wp:term":[{"taxonomy":"product_brand","embeddable":true,"href":"https:\/\/www.dcm-materiel-kine-sport.com\/index.php\/wp-json\/wp\/v2\/product_brand?post=3634"},{"taxonomy":"product_cat","embeddable":true,"href":"https:\/\/www.dcm-materiel-kine-sport.com\/index.php\/wp-json\/wp\/v2\/product_cat?post=3634"},{"taxonomy":"product_tag","embeddable":true,"href":"https:\/\/www.dcm-materiel-kine-sport.com\/index.php\/wp-json\/wp\/v2\/product_tag?post=3634"}],"curies":[{"name":"wp","href":"https:\/\/api.w.org\/{rel}","templated":true}]}}