{"id":3638,"date":"2020-12-26T15:41:40","date_gmt":"2020-12-26T14:41:40","guid":{"rendered":"https:\/\/www.dcm-materiel-kine-sport.com\/?post_type=product&#038;p=3638"},"modified":"2020-12-29T07:29:26","modified_gmt":"2020-12-29T06:29:26","slug":"gants-jetables-gants-propre","status":"publish","type":"product","link":"https:\/\/www.dcm-materiel-kine-sport.com\/index.php\/produit\/gants-jetables-gants-propre\/","title":{"rendered":"Gants jetables-Gants Propre"},"content":{"rendered":"<ul class=\"a-unordered-list a-vertical a-spacing-mini\">\n<li><span class=\"a-list-item\">[Conception parfaite]: Ces gants non poudr\u00e9s ont une excellente texture, s&rsquo;adaptent \u00e0 la peau, ont une extensibilit\u00e9 \u00e9lev\u00e9e, des mat\u00e9riaux tr\u00e8s fins et doux mais toujours durables, une adh\u00e9rence constante et des poignets enroulables offrent une r\u00e9sistance suppl\u00e9mentaire Et emp\u00eachez le liquide de reculer.<\/span><\/li>\n<li><span class=\"a-list-item\">[Facile \u00e0 utiliser]: Facile \u00e0 ouvrir, chargement et d\u00e9chargement rapides m\u00eame dans un environnement humide, portez des gants pour prot\u00e9ger la propret\u00e9 de vos mains, nettoyage de restaurant, id\u00e9al pour travailler dans les maisons, les garages et les jardins.<\/span><\/li>\n<li><span class=\"a-list-item\">\u00a0[Rappel]: \u00c9tant donn\u00e9 que la couleur de chaque moniteur est diff\u00e9rente, la couleur du produit sera l\u00e9g\u00e8rement diff\u00e9rente. Les produits sont mesur\u00e9s \u00e0 la main et la diff\u00e9rence de taille est d&rsquo;enviro112 cm. Votre compr\u00e9hension serait grandement appr\u00e9ci\u00e9e! 7 ; 7 ; 7 ; 7 ; 7 ; ! ! ! ! ! ! 7 ; !<\/span><\/li>\n<\/ul>\n","protected":false},"excerpt":{"rendered":"<ul class=\"a-unordered-list a-vertical a-spacing-mini\">\n<li><span class=\"a-list-item\">\u00a0[Pratique et sensible]: Ces gants jetables n&rsquo;ont pas la sensation maladroite des gants en latex lorsqu&rsquo;ils sont port\u00e9s, et ont une bonne agilit\u00e9, adapt\u00e9s \u00e0 un usage \u00e0 long terme, et prot\u00e8gent vos mains propres!<\/span><\/li>\n<li><span class=\"a-list-item\">\u00a0[Multifonctionnel]: Ces gants peuvent \u00eatre utilis\u00e9s comme gants de teinture capillaire, gants de travail, gants de jardin, gants de vaisselle, gants de nettoyage, gants m\u00e9caniques, gants de cuisine, gants de cuisine, gants alimentaires, gants dentaires, etc. Tr\u00e8s adapt\u00e9 \u00e0 la production industrielle, et adapt\u00e9 pour faire du bon travail et pr\u00e9venir les bact\u00e9ries lors des sorties!<\/span><\/li>\n<\/ul>\n","protected":false},"featured_media":3639,"comment_status":"open","ping_status":"closed","template":"","meta":{"_monsterinsights_skip_tracking":false,"_monsterinsights_sitenote_active":false,"_monsterinsights_sitenote_note":"","_monsterinsights_sitenote_category":0},"product_brand":[],"product_cat":[56,62],"product_tag":[],"class_list":{"0":"post-3638","1":"product","2":"type-product","3":"status-publish","4":"has-post-thumbnail","6":"product_cat-consommables","7":"product_cat-protection","9":"first","10":"instock","11":"shipping-taxable","12":"product-type-simple"},"aioseo_notices":[],"_links":{"self":[{"href":"https:\/\/www.dcm-materiel-kine-sport.com\/index.php\/wp-json\/wp\/v2\/product\/3638","targetHints":{"allow":["GET"]}}],"collection":[{"href":"https:\/\/www.dcm-materiel-kine-sport.com\/index.php\/wp-json\/wp\/v2\/product"}],"about":[{"href":"https:\/\/www.dcm-materiel-kine-sport.com\/index.php\/wp-json\/wp\/v2\/types\/product"}],"replies":[{"embeddable":true,"href":"https:\/\/www.dcm-materiel-kine-sport.com\/index.php\/wp-json\/wp\/v2\/comments?post=3638"}],"wp:featuredmedia":[{"embeddable":true,"href":"https:\/\/www.dcm-materiel-kine-sport.com\/index.php\/wp-json\/wp\/v2\/media\/3639"}],"wp:attachment":[{"href":"https:\/\/www.dcm-materiel-kine-sport.com\/index.php\/wp-json\/wp\/v2\/media?parent=3638"}],"wp:term":[{"taxonomy":"product_brand","embeddable":true,"href":"https:\/\/www.dcm-materiel-kine-sport.com\/index.php\/wp-json\/wp\/v2\/product_brand?post=3638"},{"taxonomy":"product_cat","embeddable":true,"href":"https:\/\/www.dcm-materiel-kine-sport.com\/index.php\/wp-json\/wp\/v2\/product_cat?post=3638"},{"taxonomy":"product_tag","embeddable":true,"href":"https:\/\/www.dcm-materiel-kine-sport.com\/index.php\/wp-json\/wp\/v2\/product_tag?post=3638"}],"curies":[{"name":"wp","href":"https:\/\/api.w.org\/{rel}","templated":true}]}}