{"id":3694,"date":"2020-12-27T12:49:35","date_gmt":"2020-12-27T11:49:35","guid":{"rendered":"https:\/\/www.dcm-materiel-kine-sport.com\/?post_type=product&#038;p=3694"},"modified":"2025-04-15T09:14:48","modified_gmt":"2025-04-15T07:14:48","slug":"vibromasseur-body-innovation","status":"publish","type":"product","link":"https:\/\/www.dcm-materiel-kine-sport.com\/index.php\/produit\/vibromasseur-body-innovation\/","title":{"rendered":"Vibromasseur Relax &#038; Spin Tone"},"content":{"rendered":"<h3><strong>Fonctionnement:<\/strong><\/h3>\n<p>Brancher la fiche d&rsquo;alimentation dans la prise murale de la source d&rsquo;alimentation compatible<br \/>\nTourner le bouton (alimentation et r\u00e9gulateur de vitesse) pour d\u00e9marrer le masseur<br \/>\nTourner la puissance et la vitesse requlator aiguilles d&rsquo;une montre pour r\u00e9gler la vitesse forme faible ~ haute, tourner vers la gauche pour \u00e9teindre l&rsquo;appareil.<br \/>\nApr\u00e8s utilisation, tournent tous les commutateurs \u00e0 la \u00ab\u00a0off\u00a0\u00bb position et retirez la fiche d&rsquo;alimentation de la prise murale.<br \/>\nUtilisation correcte de couverture de maille d&rsquo;assurer la protection de cheveux<br \/>\nCorps masseur sp\u00e9cification technique:<br \/>\nPuissance appliqu\u00e9e AC110V ou 220 V 60 Hz\u00a0<strong>(S&rsquo;il vous pla\u00eet noter que vous avez besoin 110 V ou 220)<\/strong><br \/>\nPuissance consommation 25 W<\/p>\n<h3><strong>Caract\u00e9ristiques:<\/strong><\/h3>\n<p>plusieurs t\u00eates de massage diff\u00e9rentes<br \/>\ns&rsquo;utilise pour beaucoup de domaines d&rsquo;applications diff\u00e9rents<br \/>\nmassage anti-cellulite<br \/>\nacc\u00e9l\u00e8re le br\u00fblage de graisse<br \/>\nappropri\u00e9 pour toutes les parties du corps<br \/>\nl&rsquo;appareil id\u00e9al pour les zones critiques<br \/>\neffet de massage profond<br \/>\nPuissance r\u00e9glable en continu<br \/>\nmassage et irrigation de la peau<br \/>\nmaintient la peau ferme et \u00e9lastique<br \/>\nContenu de la livraison:<br \/>\n1x Relax &amp; Tone<br \/>\n1x coussin ondul\u00e9 (coussin anti-cellulite)<br \/>\n1x coussin \u00e0 roulettes (acc\u00e9l\u00e8re le br\u00fblage de graisse)<\/p>\n","protected":false},"excerpt":{"rendered":"<p>Une appareil &#8211; plusieurs domaines d&rsquo;application:<br \/>\nD\u00e9tente profonde des muscles, lutte contre la cellulite, massage d&rsquo;activation, massages de bien-\u00eatre, d\u00e9fibreur de callosit\u00e9s.<\/p>\n<p>L&rsquo;appareil de massage parfait pour se g\u00e2ter ou g\u00e2ter les autres. Les coussins de massage cr\u00e9ent, au moyen de leur technologie vibratoire un sentiment de massage intensif. Le faible poids et le design ergonomique permettent une manipulation simple et une grande souplesse. Cela permet de masser sans probl\u00e8me m\u00eame les parties du dos et des \u00e9paules difficilement accessibles.<br \/>\n<img decoding=\"async\" src=\"https:\/\/www.beloccasion.com\/%7B%7Bmedia%20url=\" alt=\"\" \/><br \/>\nLes diff\u00e9rents accessoires et la puissance r\u00e9glable en continu permettent d&rsquo;adapter l&rsquo;appareil aux besoins individuels de massage. L&rsquo;appareil de massage du corps Relax &amp; Tone est muni de t\u00eates de massage \u00e0 grande surface afin de transmettre l&rsquo;effet de massage de la mani\u00e8re la plus efficace possible. Les vibrations p\u00e9n\u00e8trent profond\u00e9ment dans la peau afin de supprimer les contractions, de d\u00e9contracter les muscles et de stimuler la circulation du sang.<\/p>\n","protected":false},"featured_media":5240,"comment_status":"open","ping_status":"closed","template":"","meta":{"_monsterinsights_skip_tracking":false,"_monsterinsights_sitenote_active":false,"_monsterinsights_sitenote_note":"","_monsterinsights_sitenote_category":0},"product_brand":[],"product_cat":[22,21],"product_tag":[],"class_list":{"0":"post-3694","1":"product","2":"type-product","3":"status-publish","4":"has-post-thumbnail","6":"product_cat-vibromasseurs","7":"product_cat-vibromasseurs-portatifs","9":"first","10":"instock","11":"shipping-taxable","12":"purchasable","13":"product-type-simple"},"aioseo_notices":[],"_links":{"self":[{"href":"https:\/\/www.dcm-materiel-kine-sport.com\/index.php\/wp-json\/wp\/v2\/product\/3694","targetHints":{"allow":["GET"]}}],"collection":[{"href":"https:\/\/www.dcm-materiel-kine-sport.com\/index.php\/wp-json\/wp\/v2\/product"}],"about":[{"href":"https:\/\/www.dcm-materiel-kine-sport.com\/index.php\/wp-json\/wp\/v2\/types\/product"}],"replies":[{"embeddable":true,"href":"https:\/\/www.dcm-materiel-kine-sport.com\/index.php\/wp-json\/wp\/v2\/comments?post=3694"}],"wp:featuredmedia":[{"embeddable":true,"href":"https:\/\/www.dcm-materiel-kine-sport.com\/index.php\/wp-json\/wp\/v2\/media\/5240"}],"wp:attachment":[{"href":"https:\/\/www.dcm-materiel-kine-sport.com\/index.php\/wp-json\/wp\/v2\/media?parent=3694"}],"wp:term":[{"taxonomy":"product_brand","embeddable":true,"href":"https:\/\/www.dcm-materiel-kine-sport.com\/index.php\/wp-json\/wp\/v2\/product_brand?post=3694"},{"taxonomy":"product_cat","embeddable":true,"href":"https:\/\/www.dcm-materiel-kine-sport.com\/index.php\/wp-json\/wp\/v2\/product_cat?post=3694"},{"taxonomy":"product_tag","embeddable":true,"href":"https:\/\/www.dcm-materiel-kine-sport.com\/index.php\/wp-json\/wp\/v2\/product_tag?post=3694"}],"curies":[{"name":"wp","href":"https:\/\/api.w.org\/{rel}","templated":true}]}}