{"id":4456,"date":"2023-11-20T11:52:05","date_gmt":"2023-11-20T10:52:05","guid":{"rendered":"https:\/\/www.dcm-materiel-kine-sport.com\/?post_type=product&#038;p=4456"},"modified":"2024-03-05T10:52:19","modified_gmt":"2024-03-05T09:52:19","slug":"suport-de-lepaule","status":"publish","type":"product","link":"https:\/\/www.dcm-materiel-kine-sport.com\/index.php\/produit\/suport-de-lepaule\/","title":{"rendered":"Support D\u2019\u00e9paule"},"content":{"rendered":"","protected":false},"excerpt":{"rendered":"<p>C\u2019est un bandage d\u2019\u00e9paule qui prot\u00e8ge la chaleur dans la zone et am\u00e9liore la circulation sanguine gr\u00e2ce \u00e0 la compression qu\u2019il applique dans cette zone. Ce bandage emp\u00eache la formation d\u2019\u0153d\u00e8mes et convient aux deux bras.<\/p>\n<p>Indications:<br \/>\n&#8211; Fractures des os de l\u2019\u00e9paule<br \/>\n&#8211; Dans la calcification de l\u2019\u00e9paule<br \/>\n&#8211; R\u00e9\u00e9ducation apr\u00e8s application d\u2019une proth\u00e8se d\u2019implant d\u2019\u00e9paule<br \/>\n&#8211; En besoin d\u2019une compresse chaude \u00e0 l\u2019\u00e9paule<\/p>\n","protected":false},"featured_media":5281,"comment_status":"open","ping_status":"closed","template":"","meta":{"_monsterinsights_skip_tracking":false,"_monsterinsights_sitenote_active":false,"_monsterinsights_sitenote_note":"","_monsterinsights_sitenote_category":0},"product_brand":[],"product_cat":[132,100],"product_tag":[],"class_list":{"0":"post-4456","1":"product","2":"type-product","3":"status-publish","4":"has-post-thumbnail","6":"product_cat-epaule-et-coude","7":"product_cat-orthopedique","9":"first","10":"instock","11":"shipping-taxable","12":"purchasable","13":"product-type-simple"},"aioseo_notices":[],"_links":{"self":[{"href":"https:\/\/www.dcm-materiel-kine-sport.com\/index.php\/wp-json\/wp\/v2\/product\/4456","targetHints":{"allow":["GET"]}}],"collection":[{"href":"https:\/\/www.dcm-materiel-kine-sport.com\/index.php\/wp-json\/wp\/v2\/product"}],"about":[{"href":"https:\/\/www.dcm-materiel-kine-sport.com\/index.php\/wp-json\/wp\/v2\/types\/product"}],"replies":[{"embeddable":true,"href":"https:\/\/www.dcm-materiel-kine-sport.com\/index.php\/wp-json\/wp\/v2\/comments?post=4456"}],"wp:featuredmedia":[{"embeddable":true,"href":"https:\/\/www.dcm-materiel-kine-sport.com\/index.php\/wp-json\/wp\/v2\/media\/5281"}],"wp:attachment":[{"href":"https:\/\/www.dcm-materiel-kine-sport.com\/index.php\/wp-json\/wp\/v2\/media?parent=4456"}],"wp:term":[{"taxonomy":"product_brand","embeddable":true,"href":"https:\/\/www.dcm-materiel-kine-sport.com\/index.php\/wp-json\/wp\/v2\/product_brand?post=4456"},{"taxonomy":"product_cat","embeddable":true,"href":"https:\/\/www.dcm-materiel-kine-sport.com\/index.php\/wp-json\/wp\/v2\/product_cat?post=4456"},{"taxonomy":"product_tag","embeddable":true,"href":"https:\/\/www.dcm-materiel-kine-sport.com\/index.php\/wp-json\/wp\/v2\/product_tag?post=4456"}],"curies":[{"name":"wp","href":"https:\/\/api.w.org\/{rel}","templated":true}]}}