{"id":7718,"date":"2025-06-22T09:49:08","date_gmt":"2025-06-22T07:49:08","guid":{"rendered":"https:\/\/www.dcm-materiel-kine-sport.com\/?post_type=product&#038;p=7718"},"modified":"2026-03-22T22:25:48","modified_gmt":"2026-03-22T21:25:48","slug":"hifu-et-vaginale-7d","status":"publish","type":"product","link":"https:\/\/www.dcm-materiel-kine-sport.com\/index.php\/produit\/hifu-et-vaginale-7d\/","title":{"rendered":"HIFU 7D"},"content":{"rendered":"<p>Qu&rsquo;est-ce que la machine 7D HIFU ?<br \/>\nL&rsquo;appareil HIFU 7D, \u00e9galement appel\u00e9 Ultraformer III, est un traitement par ultrasons focalis\u00e9s de haute intensit\u00e9 con\u00e7u pour inverser les signes du vieillissement et vous offrir une apparence plus jeune. Contrairement aux autres traitements de raffermissement de la peau disponibles sur le march\u00e9, le traitement HIFU est un appareil de lifting et de remodelage enti\u00e8rement non invasif qui offre un traitement personnalis\u00e9 pour l&rsquo;ensemble du visage, du cou et du corps.<\/p>\n<p>Le principe HIFU consiste \u00e0 focaliser des ultrasons \u00e0 haute \u00e9nergie sur un emplacement sp\u00e9cifique et \u00e0 convertir l&rsquo;\u00e9nergie acoustique en chaleur. La situation est similaire \u00e0 l&rsquo;utilisation d&rsquo;une loupe pour focaliser la lumi\u00e8re sur un point, sauf que les ultrasons focalis\u00e9s p\u00e9n\u00e8trent profond\u00e9ment dans la peau (couche SMAS) sans \u00eatre bloqu\u00e9s par l&rsquo;\u00e9piderme et le derme.<\/p>\n<p>Gr\u00e2ce \u00e0 un contr\u00f4le pr\u00e9cis, les ultrasons se concentreront uniquement sur des endroits sp\u00e9cifiques pour produire des points chauds pr\u00e9cis et de petite taille qui ne seront pas affect\u00e9s ailleurs.<\/p>\n<p>Description du produit<br \/>\nNom:\tMachine HIFU<br \/>\ncartouches hifu :\tStandard (1,5 mm, 2,0 mm, 3,0 mm, 4,5 mm, 6 mm, 9,0 mm, 13 mm)<br \/>\nDur\u00e9e de vie des cartouches hifu :\t20 000, 30 000 coups<br \/>\nZones de traitement :\tVisage complet, bas du visage, d\u00e9collet\u00e9, abdomen, bras, cuisses, fesses<br \/>\nTaille de l&#8217;emballage\t55*37*21cm<br \/>\nPoids\t18 kg<\/p>\n<p>Nous vous enverrons la prise d&rsquo;alimentation et la tension correspondantes en fonction de votre pays.<\/p>\n<p>Pourquoi cette machine 7D HIFU devient-elle si populaire sur le march\u00e9 maintenant en 2021 ?<\/p>\n<p>Le syst\u00e8me d&rsquo;ultrasons focalis\u00e9s haute \u00e9nergie 7D HIFU poss\u00e8de un point focal plus petit que les autres appareils HIFU. Il transmet avec plus de pr\u00e9cision l&rsquo;\u00e9nergie ultrasonore focalis\u00e9e haute \u00e9nergie \u00e0 65-75 \u00b0C sur la couche cutan\u00e9e cibl\u00e9e, ce qui produit un effet de coagulation thermique sans endommager les tissus environnants. Tout en stimulant la prolif\u00e9ration du collag\u00e8ne et des fibres \u00e9lastiques, il am\u00e9liore consid\u00e9rablement le confort et vous offre un visage en V parfait, avec une peau rebondie, ferme et \u00e9lastique.<\/p>\n<p>\u2022 La th\u00e9rapie par ultrasons (HIFU) d\u00e9livre une \u00e9nergie ultrasonore focalis\u00e9e sur la m\u00eame couche fondamentale (SMAS) g\u00e9n\u00e9ralement trait\u00e9e par les chirurgiens lors de la chirurgie esth\u00e9tique.<br \/>\n\u2022 Contrairement aux lasers, \u00e0 la radiofr\u00e9quence et \u00e0 d&rsquo;autres appareils, le HIFU contourne la surface de la peau pour d\u00e9livrer de l&rsquo;\u00e9nergie \u00e0 une profondeur optimale.<br \/>\n\u2022 Les r\u00e9sultats sont instantan\u00e9s, mais apparaissent mieux apr\u00e8s deux \u00e0 trois mois, \u00e0 mesure que le nouveau collag\u00e8ne se forme, liftant et raffermissant progressivement la peau.<br \/>\n\u2022 Le processus d&rsquo;amincissement se poursuit jusqu&rsquo;\u00e0 6 mois apr\u00e8s le traitement.<\/p>\n<p>Quelle est la diff\u00e9rence entre le 7D HIFU et le HIFU traditionnel et l&rsquo;appareil de lifting Thermage ? <\/p>\n<p>1) Principe de fonctionnement diff\u00e9rent<\/p>\n<p>&#8211;HIFU utilisant la technologie des ultrasons focalis\u00e9s de haute intensit\u00e9.<\/p>\n<p>&#8211;Thermage utilisant la technologie RF (le plus profond peut agir sur 4,5 mm)<\/p>\n<p>&#8211;7D HIFU adopte le dernier MMFU (Micro-focus et Macro-focus Ultrasonic), la derni\u00e8re version am\u00e9lior\u00e9e de la technologie.<\/p>\n<p>2) Diff\u00e9rents domaines d\u2019int\u00e9r\u00eat.<\/p>\n<p>&#8211;Thermage et HIFU peuvent bien fonctionner uniquement sur le visage, ils ne peuvent pas obtenir de bons r\u00e9sultats sur le corps.<\/p>\n<p>&#8211;7D HIFU Machine est les diff\u00e9rents points focaux de diff\u00e9rentes parties du visage adoptent une m\u00e9thode de micro-focalisation pour focaliser la zone avec une petite zone de mise au point et disposent d&rsquo;un transducteur tr\u00e8s efficace, qui peut assurer une sortie stable avec une efficacit\u00e9 et une pr\u00e9cision \u00e9lev\u00e9es ; Position, soins indolores, confort et sont grandement am\u00e9lior\u00e9s ; le corps adopte la m\u00e9thode de macro-focalisation pour rassembler la surface et la zone focale est grande, ce qui peut dissoudre plus efficacement la graisse et faire exploser la graisse ; le corps et la t\u00eate L&rsquo;\u00e9nergie de l&rsquo;acupuncture est huit fois celle du visage. L&rsquo;effet de la graisse d&rsquo;acupuncture sur la dissolution de la graisse en couches est bien meilleur que celui de.<\/p>\n<p>3) Diff\u00e9rents scalpels \u00e0 ultrasons :<\/p>\n<p>&#8212;Le HIFU traditionnel fonctionne de l&rsquo;arri\u00e8re vers l&rsquo;avant et la partie op\u00e9rationnelle n&rsquo;est pas facile \u00e0 contr\u00f4ler.<\/p>\n<p>&#8212;Thermage est une op\u00e9ration r\u00e9gionale en forme de feuille.<\/p>\n<p>&#8212;La machine 7D HIFU est de l&rsquo;avant vers l&rsquo;arri\u00e8re et contr\u00f4le mieux la partie op\u00e9rationnelle.<\/p>\n<p>4) Diff\u00e9rentes couches.<\/p>\n<p>&#8211;HIFU a des cartouches \u00e0 trois profondeurs de 4,5\/3,0\/1,5 mm, la zone T et les racines oculaires ne peuvent pas \u00eatre r\u00e9alis\u00e9es, et seul le corps a les cartouches de 8,0\/13 mm, ce qui pr\u00e9sente des limitations pour la partie op\u00e9rationnelle et le groupe d&rsquo;utilisateurs.<\/p>\n<p>&#8211;Thermage uniquement la profondeur de l&rsquo;\u0153il est de 0 \u00e0 1,1 mm ; le visage est de 0 \u00e0 4,3 mm ; le corps est de 0 \u00e0 4,3 mm suffisamment profond pour atteindre le derme profond.<\/p>\n<p>&#8211;7D HIFU 4,5\/3,0\/1,5 mm de profondeur pour le visage, et cartouches 2,0 Full Focus pour le derme superficiel, compatibles avec de nombreux scalpels ultrasoniques pr\u00e9c\u00e9dents. Toutes les zones sont trait\u00e9es ! Le corps est \u00e9quip\u00e9 de cartouches 6,0\/9,0\/13 mm, adapt\u00e9es \u00e0 diff\u00e9rentes personnes et positions.<\/p>\n<p>5) L\u2019effet n\u2019est pas le m\u00eame.<\/p>\n<p> &#8211;Les trois cartouches HIFU 4.5\/3.0\/1.5 ont toutes la m\u00eame fr\u00e9quence, il faut environ 1 heure pour faire fonctionner un visage.<\/p>\n<p> &#8212; Le traitement HIFU et thermage peut conserver le r\u00e9sultat pendant 2 \u00e0 5 mois.<\/p>\n<p> &#8211;Cellule HIFU 7D 1,5\/3,0 mm : 7 MHz, 4,5 mm : 4 MHz, 2 mm : 5,5 MHz, 6\/9\/13 mm : 2 MHz. La fr\u00e9quence de chaque cellule est diff\u00e9rente et varie selon les couches. L&rsquo;effet est plus durable et plus efficace. Les r\u00e9sultats sont conserv\u00e9s pendant 1 \u00e0 2 ans.<\/p>\n<p>6) L&rsquo;exp\u00e9rience est diff\u00e9rente.<\/p>\n<p>&#8211;Le HIFU traditionnel est un peu douloureux lors du traitement <\/p>\n<p>&#8211;L&rsquo;exp\u00e9rience du traitement thermage est confortable mais ne peut pas durer trop longtemps.<\/p>\n<p>La machine HIFU 7D offre de bons r\u00e9sultats et est indolore. Elle permet d&rsquo;obtenir des r\u00e9sultats exceptionnels sur le long terme.<\/p>\n","protected":false},"excerpt":{"rendered":"<p>7 cartouches : 1,5 mm, 2,0 mm, 3,0 mm, 4,5 mm, 6 mm, 9 mm et 13 mm<\/p>\n","protected":false},"featured_media":7927,"comment_status":"open","ping_status":"closed","template":"","meta":{"_monsterinsights_skip_tracking":false,"_monsterinsights_sitenote_active":false,"_monsterinsights_sitenote_note":"","_monsterinsights_sitenote_category":0},"product_brand":[],"product_cat":[95,101],"product_tag":[],"class_list":{"0":"post-7718","1":"product","2":"type-product","3":"status-publish","4":"has-post-thumbnail","6":"product_cat-esthetique","7":"product_cat-hifu","9":"first","10":"instock","11":"shipping-taxable","12":"purchasable","13":"product-type-simple"},"aioseo_notices":[],"_links":{"self":[{"href":"https:\/\/www.dcm-materiel-kine-sport.com\/index.php\/wp-json\/wp\/v2\/product\/7718","targetHints":{"allow":["GET"]}}],"collection":[{"href":"https:\/\/www.dcm-materiel-kine-sport.com\/index.php\/wp-json\/wp\/v2\/product"}],"about":[{"href":"https:\/\/www.dcm-materiel-kine-sport.com\/index.php\/wp-json\/wp\/v2\/types\/product"}],"replies":[{"embeddable":true,"href":"https:\/\/www.dcm-materiel-kine-sport.com\/index.php\/wp-json\/wp\/v2\/comments?post=7718"}],"wp:featuredmedia":[{"embeddable":true,"href":"https:\/\/www.dcm-materiel-kine-sport.com\/index.php\/wp-json\/wp\/v2\/media\/7927"}],"wp:attachment":[{"href":"https:\/\/www.dcm-materiel-kine-sport.com\/index.php\/wp-json\/wp\/v2\/media?parent=7718"}],"wp:term":[{"taxonomy":"product_brand","embeddable":true,"href":"https:\/\/www.dcm-materiel-kine-sport.com\/index.php\/wp-json\/wp\/v2\/product_brand?post=7718"},{"taxonomy":"product_cat","embeddable":true,"href":"https:\/\/www.dcm-materiel-kine-sport.com\/index.php\/wp-json\/wp\/v2\/product_cat?post=7718"},{"taxonomy":"product_tag","embeddable":true,"href":"https:\/\/www.dcm-materiel-kine-sport.com\/index.php\/wp-json\/wp\/v2\/product_tag?post=7718"}],"curies":[{"name":"wp","href":"https:\/\/api.w.org\/{rel}","templated":true}]}}