{"id":7805,"date":"2025-07-15T09:38:58","date_gmt":"2025-07-15T07:38:58","guid":{"rendered":"https:\/\/www.dcm-materiel-kine-sport.com\/?post_type=product&#038;p=7805"},"modified":"2025-07-15T09:38:58","modified_gmt":"2025-07-15T07:38:58","slug":"chaise-roulante","status":"publish","type":"product","link":"https:\/\/www.dcm-materiel-kine-sport.com\/index.php\/produit\/chaise-roulante\/","title":{"rendered":"chaise roulante"},"content":{"rendered":"<p>Chaise roulante pour adulte<\/p>\n<p>Le mod\u00e8le l\u00e9ger est une version am\u00e9lior\u00e9e du mod\u00e8le standard.<\/p>\n<p>G\u00e9n\u00e9ralement con\u00e7u en tubes d\u2019acier ou d\u2019aluminium.<\/p>\n<p>Offre une maniabilit\u00e9 et une facilit\u00e9 de man\u0153uvre sup\u00e9rieures aux fauteuils roulants standards. Souvent pliables.<\/p>\n<p>Ces fauteuils roulants l\u00e9gers parfaitement adapt\u00e9s \u00e0 un usage domestique ou pour le transport en voiture.<\/p>\n<p>Facilement rang\u00e9s lorsqu\u2019ils ne sont pas utilis\u00e9s.<\/p>\n","protected":false},"excerpt":{"rendered":"<p>Chaise roulante pour adulte Le mod\u00e8le l\u00e9ger est une version am\u00e9lior\u00e9e du mod\u00e8le standard. G\u00e9n\u00e9ralement con\u00e7u en tubes d\u2019acier ou d\u2019aluminium. Offre une maniabilit\u00e9 et&#8230;<\/p>\n","protected":false},"featured_media":7807,"comment_status":"open","ping_status":"closed","template":"","meta":{"_monsterinsights_skip_tracking":false,"_monsterinsights_sitenote_active":false,"_monsterinsights_sitenote_note":"","_monsterinsights_sitenote_category":0},"product_brand":[],"product_cat":[207],"product_tag":[],"class_list":{"0":"post-7805","1":"product","2":"type-product","3":"status-publish","4":"has-post-thumbnail","6":"product_cat-aide-a-la-marche","8":"first","9":"instock","10":"shipping-taxable","11":"purchasable","12":"product-type-simple"},"aioseo_notices":[],"_links":{"self":[{"href":"https:\/\/www.dcm-materiel-kine-sport.com\/index.php\/wp-json\/wp\/v2\/product\/7805","targetHints":{"allow":["GET"]}}],"collection":[{"href":"https:\/\/www.dcm-materiel-kine-sport.com\/index.php\/wp-json\/wp\/v2\/product"}],"about":[{"href":"https:\/\/www.dcm-materiel-kine-sport.com\/index.php\/wp-json\/wp\/v2\/types\/product"}],"replies":[{"embeddable":true,"href":"https:\/\/www.dcm-materiel-kine-sport.com\/index.php\/wp-json\/wp\/v2\/comments?post=7805"}],"wp:featuredmedia":[{"embeddable":true,"href":"https:\/\/www.dcm-materiel-kine-sport.com\/index.php\/wp-json\/wp\/v2\/media\/7807"}],"wp:attachment":[{"href":"https:\/\/www.dcm-materiel-kine-sport.com\/index.php\/wp-json\/wp\/v2\/media?parent=7805"}],"wp:term":[{"taxonomy":"product_brand","embeddable":true,"href":"https:\/\/www.dcm-materiel-kine-sport.com\/index.php\/wp-json\/wp\/v2\/product_brand?post=7805"},{"taxonomy":"product_cat","embeddable":true,"href":"https:\/\/www.dcm-materiel-kine-sport.com\/index.php\/wp-json\/wp\/v2\/product_cat?post=7805"},{"taxonomy":"product_tag","embeddable":true,"href":"https:\/\/www.dcm-materiel-kine-sport.com\/index.php\/wp-json\/wp\/v2\/product_tag?post=7805"}],"curies":[{"name":"wp","href":"https:\/\/api.w.org\/{rel}","templated":true}]}}