{"id":7810,"date":"2025-07-15T09:59:48","date_gmt":"2025-07-15T07:59:48","guid":{"rendered":"https:\/\/www.dcm-materiel-kine-sport.com\/?post_type=product&#038;p=7810"},"modified":"2025-07-15T10:00:07","modified_gmt":"2025-07-15T08:00:07","slug":"deambulateur","status":"publish","type":"product","link":"https:\/\/www.dcm-materiel-kine-sport.com\/index.php\/produit\/deambulateur\/","title":{"rendered":"d\u00e9ambulateur"},"content":{"rendered":"<p>Utilisation<br \/>\nLe d\u00e9ambulateur articul\u00e9 est con\u00e7u pour aider les personnes ayant des difficult\u00e9s de mobilit\u00e9. Il permet des d\u00e9placements fluides gr\u00e2ce \u00e0 ses articulations, tout en assurant une stabilit\u00e9 et un soutien fiables. Id\u00e9al pour une utilisation \u00e0 domicile ou en ext\u00e9rieur.<\/p>\n<p>Caract\u00e9ristiques<br \/>\nStructure en aluminium l\u00e9ger pour une maniabilit\u00e9 optimale.<br \/>\nArticulations souples pour accompagner les mouvements naturels.<br \/>\nPieds antid\u00e9rapants pour une s\u00e9curit\u00e9 renforc\u00e9e sur toutes les surfaces.<br \/>\nR\u00e9glage de la hauteur pour s\u2019adapter aux besoins de l\u2019utilisateur.<br \/>\nPoints forts<br \/>\nStabilit\u00e9 accrue : Les articulations permettent une utilisation naturelle et ergonomique.<br \/>\nL\u00e9ger et portable : Facile \u00e0 transporter gr\u00e2ce \u00e0 sa structure en aluminium.<br \/>\nAdaptable : Hauteur ajustable pour un confort personnalis\u00e9.<br \/>\nS\u00e9curis\u00e9 : Embouts antid\u00e9rapants pour une meilleure adh\u00e9rence.<br \/>\nLe D\u00e9ambulateur Articul\u00e9 est un compagnon indispensable pour les personnes cherchant \u00e0 am\u00e9liorer leur autonomie. Confortable, l\u00e9ger et pratique, il facilite les d\u00e9placements quotidiens en toute s\u00e9curit\u00e9.<\/p>\n","protected":false},"excerpt":{"rendered":"<p>Utilisation Le d\u00e9ambulateur articul\u00e9 est con\u00e7u pour aider les personnes ayant des difficult\u00e9s de mobilit\u00e9. Il permet des d\u00e9placements fluides gr\u00e2ce \u00e0 ses articulations, tout&#8230;<\/p>\n","protected":false},"featured_media":7811,"comment_status":"open","ping_status":"closed","template":"","meta":{"_monsterinsights_skip_tracking":false,"_monsterinsights_sitenote_active":false,"_monsterinsights_sitenote_note":"","_monsterinsights_sitenote_category":0},"product_brand":[],"product_cat":[207],"product_tag":[],"class_list":{"0":"post-7810","1":"product","2":"type-product","3":"status-publish","4":"has-post-thumbnail","6":"product_cat-aide-a-la-marche","8":"first","9":"instock","10":"shipping-taxable","11":"purchasable","12":"product-type-simple"},"aioseo_notices":[],"_links":{"self":[{"href":"https:\/\/www.dcm-materiel-kine-sport.com\/index.php\/wp-json\/wp\/v2\/product\/7810","targetHints":{"allow":["GET"]}}],"collection":[{"href":"https:\/\/www.dcm-materiel-kine-sport.com\/index.php\/wp-json\/wp\/v2\/product"}],"about":[{"href":"https:\/\/www.dcm-materiel-kine-sport.com\/index.php\/wp-json\/wp\/v2\/types\/product"}],"replies":[{"embeddable":true,"href":"https:\/\/www.dcm-materiel-kine-sport.com\/index.php\/wp-json\/wp\/v2\/comments?post=7810"}],"wp:featuredmedia":[{"embeddable":true,"href":"https:\/\/www.dcm-materiel-kine-sport.com\/index.php\/wp-json\/wp\/v2\/media\/7811"}],"wp:attachment":[{"href":"https:\/\/www.dcm-materiel-kine-sport.com\/index.php\/wp-json\/wp\/v2\/media?parent=7810"}],"wp:term":[{"taxonomy":"product_brand","embeddable":true,"href":"https:\/\/www.dcm-materiel-kine-sport.com\/index.php\/wp-json\/wp\/v2\/product_brand?post=7810"},{"taxonomy":"product_cat","embeddable":true,"href":"https:\/\/www.dcm-materiel-kine-sport.com\/index.php\/wp-json\/wp\/v2\/product_cat?post=7810"},{"taxonomy":"product_tag","embeddable":true,"href":"https:\/\/www.dcm-materiel-kine-sport.com\/index.php\/wp-json\/wp\/v2\/product_tag?post=7810"}],"curies":[{"name":"wp","href":"https:\/\/api.w.org\/{rel}","templated":true}]}}