{"id":7832,"date":"2025-07-18T12:49:59","date_gmt":"2025-07-18T10:49:59","guid":{"rendered":"https:\/\/www.dcm-materiel-kine-sport.com\/?post_type=product&#038;p=7832"},"modified":"2025-07-29T10:50:43","modified_gmt":"2025-07-29T08:50:43","slug":"bionime-blood-glucose-monitoring-system","status":"publish","type":"product","link":"https:\/\/www.dcm-materiel-kine-sport.com\/index.php\/produit\/bionime-blood-glucose-monitoring-system\/","title":{"rendered":"Blood glucose monitoring"},"content":{"rendered":"<p>Un mod\u00e8le haut de gamme avec des fonctions avanc\u00e9es<\/p>\n<p>Avec une technologie propri\u00e9taire de codage automatique, un \u00e9cran r\u00e9tro\u00e9clair\u00e9 pour lire dans l\u2019obscurit\u00e9 et d\u2019autres fonctions avanc\u00e9es, le GM550 offre aux utilisateurs des r\u00e9sultats pr\u00e9cis et une exp\u00e9rience sans tracas pour une gestion optimale du diab\u00e8te<br \/>\nCaract\u00e9ristiques produit<\/p>\n<p>Technologie de mesure \u00c9lectrochimie : GOD<\/p>\n<p>\u00c9talonnage Plasma<\/p>\n<p>\u00c9chantillon   Sang capillaire total<\/p>\n<p>Volume d\u2019\u00e9chantillon minimum \/ temps0.75 \u03bcL \/ 5 secondes<\/p>\n<p>Plage de mesures0.6 \u2013 33.3 mmol\/L<\/p>\n<p>Capacit\u00e9 de stockage500 valeurs de glyc\u00e9mie avec date et heure<\/p>\n<p>Mode d\u2019\u00e9conomie de pile   Arr\u00eat automatique de 2 minutes apr\u00e8s la derni\u00e8re action<\/p>\n<p>Temp\u00e9rature de service    10 \u2013 40\u00b0 C<\/p>\n<p>Humidit\u00e9 relative   10 \u2013 90 %<\/p>\n<p>Plage d\u2019h\u00e9matocrite 30 \u2013 57 %<\/p>\n<p>Alimentation \u00e9lectrique \/ Dur\u00e9e de vie des piles 2 piles CR2032 \/ Env. 1000 tests<\/p>\n<p>Dimensions \/ Poids90.6 mm \u00d7 46 mm \u00d7 16.5 mm (H \u00d7 L \u00d7 P) \/ 53 g, piles incluses<\/p>\n<p>\u00c9cran \/ Taille de l\u2019\u00e9cran     LCD \/ 47 mm \u00d7 33.5 mm (H \u00d7 L)<\/p>\n<p>Conditions de stockage du lecteur    -10 \u00e0 60\u00b0C<\/p>\n<p>Conditions de stockage des bandelettes de test     4 \u2013 30\u00b0C, humidit\u00e9 relative < 90 %\n10 aiguille\nsans bandelettes\n<\/p>\n","protected":false},"excerpt":{"rendered":"<p>Un mod\u00e8le haut de gamme avec des fonctions avanc\u00e9es Avec une technologie propri\u00e9taire de codage automatique, un \u00e9cran r\u00e9tro\u00e9clair\u00e9 pour lire dans l\u2019obscurit\u00e9 et d\u2019autres&#8230;<\/p>\n","protected":false},"featured_media":7833,"comment_status":"open","ping_status":"closed","template":"","meta":{"_monsterinsights_skip_tracking":false,"_monsterinsights_sitenote_active":false,"_monsterinsights_sitenote_note":"","_monsterinsights_sitenote_category":0},"product_brand":[],"product_cat":[51],"product_tag":[],"class_list":{"0":"post-7832","1":"product","2":"type-product","3":"status-publish","4":"has-post-thumbnail","6":"product_cat-diagnostic","8":"first","9":"instock","10":"shipping-taxable","11":"purchasable","12":"product-type-simple"},"aioseo_notices":[],"_links":{"self":[{"href":"https:\/\/www.dcm-materiel-kine-sport.com\/index.php\/wp-json\/wp\/v2\/product\/7832","targetHints":{"allow":["GET"]}}],"collection":[{"href":"https:\/\/www.dcm-materiel-kine-sport.com\/index.php\/wp-json\/wp\/v2\/product"}],"about":[{"href":"https:\/\/www.dcm-materiel-kine-sport.com\/index.php\/wp-json\/wp\/v2\/types\/product"}],"replies":[{"embeddable":true,"href":"https:\/\/www.dcm-materiel-kine-sport.com\/index.php\/wp-json\/wp\/v2\/comments?post=7832"}],"wp:featuredmedia":[{"embeddable":true,"href":"https:\/\/www.dcm-materiel-kine-sport.com\/index.php\/wp-json\/wp\/v2\/media\/7833"}],"wp:attachment":[{"href":"https:\/\/www.dcm-materiel-kine-sport.com\/index.php\/wp-json\/wp\/v2\/media?parent=7832"}],"wp:term":[{"taxonomy":"product_brand","embeddable":true,"href":"https:\/\/www.dcm-materiel-kine-sport.com\/index.php\/wp-json\/wp\/v2\/product_brand?post=7832"},{"taxonomy":"product_cat","embeddable":true,"href":"https:\/\/www.dcm-materiel-kine-sport.com\/index.php\/wp-json\/wp\/v2\/product_cat?post=7832"},{"taxonomy":"product_tag","embeddable":true,"href":"https:\/\/www.dcm-materiel-kine-sport.com\/index.php\/wp-json\/wp\/v2\/product_tag?post=7832"}],"curies":[{"name":"wp","href":"https:\/\/api.w.org\/{rel}","templated":true}]}}