{"id":7943,"date":"2025-07-28T10:45:47","date_gmt":"2025-07-28T08:45:47","guid":{"rendered":"https:\/\/www.dcm-materiel-kine-sport.com\/?post_type=product&#038;p=7943"},"modified":"2025-07-28T10:45:47","modified_gmt":"2025-07-28T08:45:47","slug":"gants-robotises","status":"publish","type":"product","link":"https:\/\/www.dcm-materiel-kine-sport.com\/index.php\/produit\/gants-robotises\/","title":{"rendered":"Gants Robotis\u00e9s"},"content":{"rendered":"<p>\u2728 R\u00e9volutionnez la R\u00e9\u00e9ducation avec la Technologie Bionique \u2728<\/p>\n<p>\ud83d\udcaa Caract\u00e9ristiques principales :<\/p>\n<p>&#8211; Technologie de Pointe : Assistance robotique pour des mouvements pr\u00e9cis et fluides.<br \/>\n&#8211; R\u00e9\u00e9ducation Personnalis\u00e9e : Programmes adapt\u00e9s aux besoins sp\u00e9cifiques de chaque utilisateur.<br \/>\n&#8211; Confort et Ergonomie : Design l\u00e9ger et confortable pour une utilisation prolong\u00e9e.<\/p>\n","protected":false},"excerpt":{"rendered":"<p>\u2728 R\u00e9volutionnez la R\u00e9\u00e9ducation avec la Technologie Bionique \u2728 \ud83d\udcaa Caract\u00e9ristiques principales : &#8211; Technologie de Pointe : Assistance robotique pour des mouvements pr\u00e9cis et&#8230;<\/p>\n","protected":false},"featured_media":7944,"comment_status":"open","ping_status":"closed","template":"","meta":{"_monsterinsights_skip_tracking":false,"_monsterinsights_sitenote_active":false,"_monsterinsights_sitenote_note":"","_monsterinsights_sitenote_category":0},"product_brand":[],"product_cat":[48],"product_tag":[],"class_list":{"0":"post-7943","1":"product","2":"type-product","3":"status-publish","4":"has-post-thumbnail","6":"product_cat-reeducation","8":"first","9":"instock","10":"shipping-taxable","11":"purchasable","12":"product-type-simple"},"aioseo_notices":[],"_links":{"self":[{"href":"https:\/\/www.dcm-materiel-kine-sport.com\/index.php\/wp-json\/wp\/v2\/product\/7943","targetHints":{"allow":["GET"]}}],"collection":[{"href":"https:\/\/www.dcm-materiel-kine-sport.com\/index.php\/wp-json\/wp\/v2\/product"}],"about":[{"href":"https:\/\/www.dcm-materiel-kine-sport.com\/index.php\/wp-json\/wp\/v2\/types\/product"}],"replies":[{"embeddable":true,"href":"https:\/\/www.dcm-materiel-kine-sport.com\/index.php\/wp-json\/wp\/v2\/comments?post=7943"}],"wp:featuredmedia":[{"embeddable":true,"href":"https:\/\/www.dcm-materiel-kine-sport.com\/index.php\/wp-json\/wp\/v2\/media\/7944"}],"wp:attachment":[{"href":"https:\/\/www.dcm-materiel-kine-sport.com\/index.php\/wp-json\/wp\/v2\/media?parent=7943"}],"wp:term":[{"taxonomy":"product_brand","embeddable":true,"href":"https:\/\/www.dcm-materiel-kine-sport.com\/index.php\/wp-json\/wp\/v2\/product_brand?post=7943"},{"taxonomy":"product_cat","embeddable":true,"href":"https:\/\/www.dcm-materiel-kine-sport.com\/index.php\/wp-json\/wp\/v2\/product_cat?post=7943"},{"taxonomy":"product_tag","embeddable":true,"href":"https:\/\/www.dcm-materiel-kine-sport.com\/index.php\/wp-json\/wp\/v2\/product_tag?post=7943"}],"curies":[{"name":"wp","href":"https:\/\/api.w.org\/{rel}","templated":true}]}}