{"id":8197,"date":"2026-01-07T15:01:24","date_gmt":"2026-01-07T14:01:24","guid":{"rendered":"https:\/\/www.dcm-materiel-kine-sport.com\/?post_type=product&#038;p=8197"},"modified":"2026-01-13T16:50:51","modified_gmt":"2026-01-13T15:50:51","slug":"scrubber-skin-facial","status":"publish","type":"product","link":"https:\/\/www.dcm-materiel-kine-sport.com\/index.php\/produit\/scrubber-skin-facial\/","title":{"rendered":"SCRUBBER SKIN FACIAL"},"content":{"rendered":"<p>\u00c0 propos de cet article : <img loading=\"lazy\" decoding=\"async\" src=\"https:\/\/www.dcm-materiel-kine-sport.com\/wp-content\/uploads\/2026\/01\/71YHoW0u3S._SX425_-300x300.jpg\" alt=\"\" width=\"300\" height=\"300\" class=\"alignnone size-medium wp-image-8201\" srcset=\"https:\/\/www.dcm-materiel-kine-sport.com\/wp-content\/uploads\/2026\/01\/71YHoW0u3S._SX425_-300x300.jpg 300w, https:\/\/www.dcm-materiel-kine-sport.com\/wp-content\/uploads\/2026\/01\/71YHoW0u3S._SX425_-150x150.jpg 150w, https:\/\/www.dcm-materiel-kine-sport.com\/wp-content\/uploads\/2026\/01\/71YHoW0u3S._SX425_-140x140.jpg 140w, https:\/\/www.dcm-materiel-kine-sport.com\/wp-content\/uploads\/2026\/01\/71YHoW0u3S._SX425_-100x100.jpg 100w, https:\/\/www.dcm-materiel-kine-sport.com\/wp-content\/uploads\/2026\/01\/71YHoW0u3S._SX425_-350x350.jpg 350w, https:\/\/www.dcm-materiel-kine-sport.com\/wp-content\/uploads\/2026\/01\/71YHoW0u3S._SX425_.jpg 425w\" sizes=\"auto, (max-width: 300px) 100vw, 300px\" \/><br \/>\nAm\u00e9liorez la sant\u00e9 de votre peau : les ultrasons sont des vibrations m\u00e9caniques \u00e0 haute fr\u00e9quence. Gr\u00e2ce \u00e0 leur faible \u00e9nergie et \u00e0 leur haute fr\u00e9quence, ils cr\u00e9ent un effet de r\u00e9sonance douce sur la peau, am\u00e9liorant ainsi sa vitalit\u00e9 et sa perm\u00e9abilit\u00e9, et r\u00e9duisant l\u2019apparence des pores.<br \/>\nNettoyage en profondeur : le racleur de peau ultrasonique AidSci \u00e9limine les cellules mortes et les points noirs gr\u00e2ce \u00e0 la technologie ultrasonique. Avec 24 000 ondes ultrasoniques par seconde, les vibrations g\u00e9n\u00e9r\u00e9es p\u00e9n\u00e8trent profond\u00e9ment dans la peau et \u00e9liminent la couche corn\u00e9e, les particules de s\u00e9bum et l\u2019acn\u00e9 pour r\u00e9duire le risque d\u2019imperfections.<br \/>\nMode Ion+ : cet appareil de nettoyage du visage fonctionne en attirant des ions oppos\u00e9s pour \u00e9liminer l\u2019exc\u00e8s de s\u00e9bum et les cellules mortes des pores et permettre un nettoyage en profondeur de la peau. Il contribue \u00e0 \u00e9liminer les points noirs, les cellules mortes, les impuret\u00e9s et l\u2019exc\u00e8s de s\u00e9bum.<br \/>\nAm\u00e9liore l&rsquo;absorption des actifs : cet appareil de massage facial utilise le principe de la r\u00e9pulsion ionique pour une p\u00e9n\u00e9tration optimale des s\u00e9rums de soin. Il favorise l&rsquo;absorption de ces nutriments et r\u00e9v\u00e8le un teint \u00e9clatant.<br \/>\nRaffermissement et tonification de la peau : l\u2019EMS (stimulation musculaire \u00e9lectrique) raffermit la peau par contractions musculaires et am\u00e9liore la circulation sanguine. Une utilisation r\u00e9guli\u00e8re de l\u2019EMS peut att\u00e9nuer l\u2019apparence du rel\u00e2chement cutan\u00e9 et redessiner les contours du visage.<\/p>\n","protected":false},"excerpt":{"rendered":"<p>Nettoyeur de pores ultrasonique Skin Scrubber avec 4 modes, \u00e9limine les points noirs, nettoie en profondeur, appareil \u00e0 ultrasons EMS \u00e0 ions pour le visage &#8211; Blanc<\/p>\n","protected":false},"featured_media":8202,"comment_status":"open","ping_status":"closed","template":"","meta":{"_monsterinsights_skip_tracking":false,"_monsterinsights_sitenote_active":false,"_monsterinsights_sitenote_note":"","_monsterinsights_sitenote_category":0},"product_brand":[],"product_cat":[95],"product_tag":[],"class_list":{"0":"post-8197","1":"product","2":"type-product","3":"status-publish","4":"has-post-thumbnail","6":"product_cat-esthetique","8":"first","9":"instock","10":"sale","11":"shipping-taxable","12":"purchasable","13":"product-type-simple"},"aioseo_notices":[],"_links":{"self":[{"href":"https:\/\/www.dcm-materiel-kine-sport.com\/index.php\/wp-json\/wp\/v2\/product\/8197","targetHints":{"allow":["GET"]}}],"collection":[{"href":"https:\/\/www.dcm-materiel-kine-sport.com\/index.php\/wp-json\/wp\/v2\/product"}],"about":[{"href":"https:\/\/www.dcm-materiel-kine-sport.com\/index.php\/wp-json\/wp\/v2\/types\/product"}],"replies":[{"embeddable":true,"href":"https:\/\/www.dcm-materiel-kine-sport.com\/index.php\/wp-json\/wp\/v2\/comments?post=8197"}],"wp:featuredmedia":[{"embeddable":true,"href":"https:\/\/www.dcm-materiel-kine-sport.com\/index.php\/wp-json\/wp\/v2\/media\/8202"}],"wp:attachment":[{"href":"https:\/\/www.dcm-materiel-kine-sport.com\/index.php\/wp-json\/wp\/v2\/media?parent=8197"}],"wp:term":[{"taxonomy":"product_brand","embeddable":true,"href":"https:\/\/www.dcm-materiel-kine-sport.com\/index.php\/wp-json\/wp\/v2\/product_brand?post=8197"},{"taxonomy":"product_cat","embeddable":true,"href":"https:\/\/www.dcm-materiel-kine-sport.com\/index.php\/wp-json\/wp\/v2\/product_cat?post=8197"},{"taxonomy":"product_tag","embeddable":true,"href":"https:\/\/www.dcm-materiel-kine-sport.com\/index.php\/wp-json\/wp\/v2\/product_tag?post=8197"}],"curies":[{"name":"wp","href":"https:\/\/api.w.org\/{rel}","templated":true}]}}