{"id":8203,"date":"2026-01-07T15:18:23","date_gmt":"2026-01-07T14:18:23","guid":{"rendered":"https:\/\/www.dcm-materiel-kine-sport.com\/?post_type=product&#038;p=8203"},"modified":"2026-01-13T16:48:46","modified_gmt":"2026-01-13T15:48:46","slug":"appareil-de-remodelage","status":"publish","type":"product","link":"https:\/\/www.dcm-materiel-kine-sport.com\/index.php\/produit\/appareil-de-remodelage\/","title":{"rendered":"appareil de remodelage"},"content":{"rendered":"<p><img loading=\"lazy\" decoding=\"async\" src=\"https:\/\/www.dcm-materiel-kine-sport.com\/wp-content\/uploads\/2026\/01\/71vu1piR3L._AC_SX425_-2-300x296.jpg\" alt=\"\" width=\"300\" height=\"296\" class=\"alignnone size-medium wp-image-8210\" \/>\u00c0 propos de cet article<br \/>\nTechnologie de microcourants intelligents : Notre appareil de massage sculptant le visage utilise une technologie de microcourants intelligents pour affiner le visage de mani\u00e8re s\u00fbre et efficace. B\u00e9n\u00e9ficiez d\u2019un remodelage du visage doux et pr\u00e9cis gr\u00e2ce \u00e0 cette technologie de pointe.<br \/>\nT\u00e9l\u00e9commande Bluetooth : appareil anti-double menton r\u00e9glable. Profitez du confort de la t\u00e9l\u00e9commande Bluetooth, qui permet une utilisation et un r\u00e9glage faciles de l\u2019appareil. Contr\u00f4lez l\u2019intensit\u00e9 et les param\u00e8tres d\u2019une simple pression pour une exp\u00e9rience utilisateur fluide et sans tracas.<br \/>\nConception ajustable : le masseur \u00e9lectrique de remodelage du visage en V est dot\u00e9 d\u2019une bande \u00e9lastique hypoallerg\u00e9nique offrant une grande \u00e9lasticit\u00e9, ainsi qu\u2019une longueur et un angle r\u00e9glables. Ceci garantit un confort optimal pour diff\u00e9rentes formes de visage et permet des r\u00e9sultats personnalis\u00e9s et efficaces.<br \/>\nPerformances exceptionnelles : L\u2019instrument unique en forme de V de notre appareil de lifting facial permet de redessiner l\u2019ovale du visage, d\u2019att\u00e9nuer le double menton et d\u2019affiner les contours pour une apparence plus jeune et tonique. Obtenez des r\u00e9sultats professionnels dans le confort de votre foyer.<br \/>\nUtilisation polyvalente : Que ce soit en institut de beaut\u00e9 ou \u00e0 domicile, l\u2019appareil anti-double menton est con\u00e7u pour offrir une exp\u00e9rience de massage facial digne d\u2019un professionnel. Dites adieu aux visites on\u00e9reuses en institut et profitez des bienfaits d\u2019un raffermissement du visage sur mesure.\n\t\t<style type=\"text\/css\">\n\t\t\t#gallery-1 {\n\t\t\t\tmargin: auto;\n\t\t\t}\n\t\t\t#gallery-1 .gallery-item {\n\t\t\t\tfloat: left;\n\t\t\t\tmargin-top: 10px;\n\t\t\t\ttext-align: center;\n\t\t\t\twidth: 33%;\n\t\t\t}\n\t\t\t#gallery-1 img {\n\t\t\t\tborder: 2px solid #cfcfcf;\n\t\t\t}\n\t\t\t#gallery-1 .gallery-caption {\n\t\t\t\tmargin-left: 0;\n\t\t\t}\n\t\t\t\/* see gallery_shortcode() in wp-includes\/media.php *\/\n\t\t<\/style>\n\t\t<div id='gallery-1' class='gallery galleryid-8203 gallery-columns-3 gallery-size-thumbnail'><dl class='gallery-item'>\n\t\t\t<dt class='gallery-icon landscape'>\n\t\t\t\t<a href='https:\/\/www.dcm-materiel-kine-sport.com\/?attachment_id=8208'><img loading=\"lazy\" decoding=\"async\" width=\"150\" height=\"150\" src=\"https:\/\/www.dcm-materiel-kine-sport.com\/wp-content\/uploads\/2026\/01\/71vu1piR3L._AC_SX425_-1-150x150.jpg\" class=\"attachment-thumbnail size-thumbnail\" alt=\"\" srcset=\"https:\/\/www.dcm-materiel-kine-sport.com\/wp-content\/uploads\/2026\/01\/71vu1piR3L._AC_SX425_-1-150x150.jpg 150w, https:\/\/www.dcm-materiel-kine-sport.com\/wp-content\/uploads\/2026\/01\/71vu1piR3L._AC_SX425_-1-140x140.jpg 140w, https:\/\/www.dcm-materiel-kine-sport.com\/wp-content\/uploads\/2026\/01\/71vu1piR3L._AC_SX425_-1-100x100.jpg 100w, https:\/\/www.dcm-materiel-kine-sport.com\/wp-content\/uploads\/2026\/01\/71vu1piR3L._AC_SX425_-1-350x350.jpg 350w, https:\/\/www.dcm-materiel-kine-sport.com\/wp-content\/uploads\/2026\/01\/71vu1piR3L._AC_SX425_-1-300x300.jpg 300w\" sizes=\"auto, (max-width: 150px) 100vw, 150px\" \/><\/a>\n\t\t\t<\/dt><\/dl><dl class='gallery-item'>\n\t\t\t<dt class='gallery-icon landscape'>\n\t\t\t\t<a href='https:\/\/www.dcm-materiel-kine-sport.com\/?attachment_id=8206'><img loading=\"lazy\" decoding=\"async\" width=\"150\" height=\"150\" src=\"https:\/\/www.dcm-materiel-kine-sport.com\/wp-content\/uploads\/2026\/01\/71rfEVsEP3L._AC_SX425_-150x150.jpg\" class=\"attachment-thumbnail size-thumbnail\" alt=\"\" srcset=\"https:\/\/www.dcm-materiel-kine-sport.com\/wp-content\/uploads\/2026\/01\/71rfEVsEP3L._AC_SX425_-150x150.jpg 150w, https:\/\/www.dcm-materiel-kine-sport.com\/wp-content\/uploads\/2026\/01\/71rfEVsEP3L._AC_SX425_-140x140.jpg 140w, https:\/\/www.dcm-materiel-kine-sport.com\/wp-content\/uploads\/2026\/01\/71rfEVsEP3L._AC_SX425_-100x100.jpg 100w, https:\/\/www.dcm-materiel-kine-sport.com\/wp-content\/uploads\/2026\/01\/71rfEVsEP3L._AC_SX425_-350x350.jpg 350w, https:\/\/www.dcm-materiel-kine-sport.com\/wp-content\/uploads\/2026\/01\/71rfEVsEP3L._AC_SX425_-300x300.jpg 300w\" sizes=\"auto, (max-width: 150px) 100vw, 150px\" \/><\/a>\n\t\t\t<\/dt><\/dl><dl class='gallery-item'>\n\t\t\t<dt class='gallery-icon portrait'>\n\t\t\t\t<a href='https:\/\/www.dcm-materiel-kine-sport.com\/?attachment_id=8204'><img loading=\"lazy\" decoding=\"async\" width=\"150\" height=\"150\" src=\"https:\/\/www.dcm-materiel-kine-sport.com\/wp-content\/uploads\/2026\/01\/41BVZgA1zVL._AC_SX425_-150x150.jpg\" class=\"attachment-thumbnail size-thumbnail\" alt=\"\" srcset=\"https:\/\/www.dcm-materiel-kine-sport.com\/wp-content\/uploads\/2026\/01\/41BVZgA1zVL._AC_SX425_-150x150.jpg 150w, https:\/\/www.dcm-materiel-kine-sport.com\/wp-content\/uploads\/2026\/01\/41BVZgA1zVL._AC_SX425_-140x140.jpg 140w, https:\/\/www.dcm-materiel-kine-sport.com\/wp-content\/uploads\/2026\/01\/41BVZgA1zVL._AC_SX425_-100x100.jpg 100w, https:\/\/www.dcm-materiel-kine-sport.com\/wp-content\/uploads\/2026\/01\/41BVZgA1zVL._AC_SX425_-350x350.jpg 350w, https:\/\/www.dcm-materiel-kine-sport.com\/wp-content\/uploads\/2026\/01\/41BVZgA1zVL._AC_SX425_-300x300.jpg 300w\" sizes=\"auto, (max-width: 150px) 100vw, 150px\" \/><\/a>\n\t\t\t<\/dt><\/dl><br style=\"clear: both\" \/>\n\t\t<\/div>\n\n","protected":false},"excerpt":{"rendered":"<p><img loading=\"lazy\" decoding=\"async\" src=\"https:\/\/www.dcm-materiel-kine-sport.com\/wp-content\/uploads\/2026\/01\/71vu1piR3L._AC_SX425_-300x296.jpg\" alt=\"\" width=\"300\" height=\"296\" class=\"alignons size-medium wp-image-8207\" \/>Appareil \u00e9lectrique Fyearfly pour double menton, masseur facial en V, amincissement du visage, appareil de remodelage de la m\u00e2choire, appareil de lifting intelligent (blanc)<\/p>\n","protected":false},"featured_media":0,"comment_status":"open","ping_status":"closed","template":"","meta":{"_monsterinsights_skip_tracking":false,"_monsterinsights_sitenote_active":false,"_monsterinsights_sitenote_note":"","_monsterinsights_sitenote_category":0},"product_brand":[],"product_cat":[95,17],"product_tag":[],"class_list":{"0":"post-8203","1":"product","2":"type-product","3":"status-publish","5":"product_cat-esthetique","6":"product_cat-non-classe","8":"first","9":"instock","10":"sale","11":"shipping-taxable","12":"purchasable","13":"product-type-simple"},"aioseo_notices":[],"_links":{"self":[{"href":"https:\/\/www.dcm-materiel-kine-sport.com\/index.php\/wp-json\/wp\/v2\/product\/8203","targetHints":{"allow":["GET"]}}],"collection":[{"href":"https:\/\/www.dcm-materiel-kine-sport.com\/index.php\/wp-json\/wp\/v2\/product"}],"about":[{"href":"https:\/\/www.dcm-materiel-kine-sport.com\/index.php\/wp-json\/wp\/v2\/types\/product"}],"replies":[{"embeddable":true,"href":"https:\/\/www.dcm-materiel-kine-sport.com\/index.php\/wp-json\/wp\/v2\/comments?post=8203"}],"wp:attachment":[{"href":"https:\/\/www.dcm-materiel-kine-sport.com\/index.php\/wp-json\/wp\/v2\/media?parent=8203"}],"wp:term":[{"taxonomy":"product_brand","embeddable":true,"href":"https:\/\/www.dcm-materiel-kine-sport.com\/index.php\/wp-json\/wp\/v2\/product_brand?post=8203"},{"taxonomy":"product_cat","embeddable":true,"href":"https:\/\/www.dcm-materiel-kine-sport.com\/index.php\/wp-json\/wp\/v2\/product_cat?post=8203"},{"taxonomy":"product_tag","embeddable":true,"href":"https:\/\/www.dcm-materiel-kine-sport.com\/index.php\/wp-json\/wp\/v2\/product_tag?post=8203"}],"curies":[{"name":"wp","href":"https:\/\/api.w.org\/{rel}","templated":true}]}}